rue
Is 548736 a multiple of 384?
True
Is 14 a factor of 4410439?
False
Is 2899134 a multiple of 63?
True
Does 13 divide 376207?
True
Is 11 a factor of 907947?
False
Is 17 a factor of 7739647?
False
Does 9 divide 114041?
False
Does 9 divide 11168784?
True
Does 160 divide 97576?
False
Does 337 divide 1054923?
False
Does 365 divide 435317?
False
Does 53 divide 450235?
True
Is 21410 a multiple of 10?
True
Is 19 a factor of 136975?
False
Is 255 a factor of 66300?
True
Does 13 divide 1082725?
False
Does 5 divide 152118?
False
Is 10 a factor of 1249876?
False
Is 1212867 a multiple of 426?
False
Is 65 a factor of 487760?
True
Is 7470720 a multiple of 1920?
True
Is 126 a factor of 18900?
True
Does 53 divide 41446?
True
Is 1449 a factor of 8660673?
True
Is 606015 a multiple of 30?
False
Is 14 a factor of 117110?
True
Does 33 divide 850509?
True
Is 2633077 a multiple of 2?
False
Does 128 divide 83840?
True
Is 3 a factor of 3457272?
True
Does 33 divide 1039995?
True
Does 3 divide 61398?
True
Is 60 a factor of 1648186?
False
Is 8 a factor of 124832?
True
Is 356148 a multiple of 761?
True
Is 1147176 a multiple of 36?
True
Is 218400 a multiple of 312?
True
Is 45770 a multiple of 23?
True
Does 11 divide 150982?
False
Is 95 a factor of 566390?
True
Is 91 a factor of 326508?
True
Is 34 a factor of 8577044?
True
Does 14 divide 33328?
False
Is 1322458 a multiple of 75?
False
Is 3204 a multiple of 9?
True
Does 52 divide 18783?
False
Is 11 a factor of 19369317?
True
Is 214 a factor of 199455?
False
Does 862 divide 742354?
False
Is 433 a factor of 2358551?
True
Is 11 a factor of 152934?
False
Does 60 divide 96875?
False
Does 1068 divide 8742798?
False
Does 20 divide 5197194?
False
Does 80 divide 52160?
True
Does 71 divide 1380027?
True
Does 610 divide 805766?
False
Does 59 divide 3782962?
True
Does 54 divide 2455488?
True
Does 134 divide 5990872?
True
Does 40 divide 4750607?
False
Is 4262488 a multiple of 32?
False
Is 1181869 a multiple of 24?
False
Is 2407178 a multiple of 24?
False
Is 10 a factor of 2032827?
False
Is 2461096 a multiple of 122?
False
Is 396890 a multiple of 710?
True
Does 277 divide 86701?
True
Is 840305 a multiple of 296?
False
Does 4 divide 2258993?
False
Is 19 a factor of 656954?
False
Does 18 divide 1767924?
True
Does 12 divide 23960379?
False
Is 10518690 a multiple of 30?
True
Does 578 divide 3600824?
False
Is 93 a factor of 4538307?
True
Is 315 a factor of 243180?
True
Is 445524 a multiple of 274?
True
Is 69 a factor of 5309907?
False
Is 214 a factor of 408526?
True
Is 14 a factor of 983393?
False
Does 283 divide 156216?
True
Does 109 divide 153908?
True
Is 14 a factor of 74716?
False
Is 225230 a multiple of 14?
False
Does 20 divide 205757?
False
Does 1007 divide 4258603?
True
Is 46010 a multiple of 56?
False
Is 6051344 a multiple of 104?
True
Is 91 a factor of 95732?
True
Is 13862769 a multiple of 67?
True
Is 126540 a multiple of 5?
True
Is 29 a factor of 145841?
True
Is 4432571 a multiple of 139?
True
Is 629 a factor of 284308?
True
Is 392490 a multiple of 890?
True
Is 2474028 a multiple of 114?
True
Does 5 divide 370166?
False
Is 1133463 a multiple of 5?
False
Does 74 divide 141580?
False
Is 122 a factor of 113818?
False
Is 27871 even?
False
Is 16126677 a multiple of 202?
False
Is 779 a factor of 1543079?
False
Does 105 divide 13268245?
False
Is 60065 a multiple of 21?
False
Does 23 divide 1882474?
False
Is 160847 a multiple of 205?
False
Is 23 a factor of 88297?
True
Does 16 divide 310763?
False
Does 98 divide 7359503?
False
Does 14 divide 3469984?
True
Is 1073 a factor of 832648?
True
Does 982 divide 3108030?
True
Is 19 a factor of 5664546?
True
Is 11752 a multiple of 26?
True
Does 14 divide 3688372?
False
Is 29700 a multiple of 108?
True
Is 18 a factor of 4806576?
True
Is 2213034 a multiple of 233?
True
Is 310294 a multiple of 47?
True
Does 6 divide 379894?
False
Is 23 a factor of 624795?
True
Is 15011161 a multiple of 13?
False
Does 114 divide 546516?
True
Does 25 divide 1910626?
False
Is 164500 a multiple of 14?
True
Is 2 a factor of 321263?
False
Does 31 divide 3837552?
True
Is 919525 a multiple of 113?
False
Is 29 a factor of 20293?
False
Is 34 a factor of 31178?
True
Is 2369542 a multiple of 14?
True
Is 2604424 a multiple of 740?
False
Does 2 divide 106755?
False
Is 22 a factor of 5997860?
True
Is 4 a factor of 1509430?
False
Is 23 a factor of 7189432?
True
Does 44 divide 730126?
False
Does 13 divide 3354052?
True
Is 3 a factor of 40500?
True
Is 392860 a multiple of 13?
True
Is 6182736 a multiple of 16?
True
Is 199 a factor of 1735678?
True
Does 477 divide 1258569?
False
Is 153 a factor of 337824?
True
Is 638913 a multiple of 412?
False
Is 218 a factor of 213640?
True
Is 2520 a factor of 10716878?
False
Is 60 a factor of 4586768?
False
Is 396454 a multiple of 19?
True
Is 141 a factor of 5173?
False
Is 348206 a multiple of 114?
False
Does 57 divide 67260?
True
Is 7826945 a multiple of 565?
True
Does 67 divide 33634?
True
Is 15 a factor of 1404405?
True
Is 94 a factor of 426950?
False
Is 1047 a factor of 9104605?
False
Does 235 divide 24591?
False
Does 86 divide 13931013?
False
Is 2 a factor of 9716?
True
Is 1093315 a multiple of 61?
False
Is 582241 a multiple of 36?
False
Is 3947102 a multiple of 239?
False
Does 8 divide 303456?
True
Does 11 divide 108158?
False
Is 30 a factor of 488638?
False
Is 13155549 a multiple of 18?
False
Does 48 divide 16975131?
False
Is 7144086 a multiple of 123?
True
Does 215 divide 518821?
False
Does 13 divide 6237245?
False
Does 41 divide 89257?
True
Is 5792220 a multiple of 90?
True
Is 213693 a multiple of 23?
True
Is 536 a factor of 1038232?
True
Is 3460003 a multiple of 4?
False
Is 684499 a multiple of 97?
False
Does 44 divide 270449?
False
Is 184111 a multiple of 18?
False
Is 34 a factor of 7086546?
False
Is 12724661 a multiple of 37?
False
Is 5984541 a multiple of 9?
True
Is 3215 a multiple of 7?
False
Is 1066098 a multiple of 557?
True
Is 138 a factor of 17597?
False
Does 275 divide 1052860?
False
Does 8 divide 7637320?
True
Is 6371200 a multiple of 17?
False
Does 6 divide 273864?
True
Is 200065 a multiple of 5?
True
Is 38422 a multiple of 6?
False
Is 166 a factor of 432430?
True
Is 4103971 a multiple of 195?
False
Is 284991 a multiple of 28?
False
Does 60 divide 4338720?
True
Does 714 divide 1028112?
False
Does 1177 divide 15632914?
True
Is 334 a factor of 2963582?
True
Is 673278 a multiple of 6?
True
Does 19 divide 1601624?
True
Is 10841 even?
False
Does 327 divide 5762722?
False
Is 124 a factor of 45384?
True
Does 18 divide 64008?
True
Does 104 divide 4302353?
False
Does 24 divide 276586?
False
Is 197028 a multiple of 18?
True
Is 18 a factor of 1435806?
True
Is 343300 a multiple of 25?
True
Is 896489 a multiple of 87?
False
Does 187 divide 222343?
True
Does 84 divide 253008?
True
Does 6 divide 8928300?
True
Is 769784 a multiple of 33?
False
Is 5 a factor of 12740?
True
Does 8 divide 1224841?
False
Is 82 a factor of 203042?
False
Is 10147663 a multiple of 31?
False
Is 23 a factor of 319915?
False
Does 90 divide 321840?
True
Is 10 a factor of 2664350?
True
Is 90 a factor of 586800?
True
Is 6 a factor of 5589384?
True
Does 10 divide 3706780?
True
Is 37 a factor of 36149?
True
Is 20 a factor of 353820?
True
Does 5 divide 1170332?
False
Is 26 a factor of 148382?
True
Is 40 a factor of 28360?
True
Does 12 divide 8252235?
False
Does 2284 divide 20916872?
True
Is 161934 a multiple of 274?
True
Does 168 divide 7712880?
True
Is 9 a factor of 557952?
False
Is 28 a factor of 995512?
True
Is 6 a factor of 1307448?
True
Is 2 a factor of 375766?
True
Is 11 a factor of 133689?
False
Is 199389 a multiple of 100?
False
Is 140392 a multiple of 218?
True
Is 79 a factor of 56270?
False
Is 60981 a multiple of 3?
True
Is 96696 a multiple of 12?
True
Is 11899 a multiple of 2?
False
Is 13 a factor of 149617?
True
Does 4 divide 11053?
False
Does 14 divide 561260?
True
Does 82 divide 51824?
True
Does 3 divide 68901?
True
Is 289296 a multiple of 246?
True
Is 6490191 a multiple of 85?
False
Is 562 a factor of 7551032?
True
Does 6 divide 18153?
False
Is 875 a factor of 2193022?
False
Does 11 divide 257345?
True
Is 171 a factor of 18981?
True
Does 7 divide 577542?
True
Is 44 a factor of 279356?
True
Is 44 a factor of 427